hat is the remainder when v is divided by -42*((-1)/(-2))/(-1)?
19
Let m = 6 + -4. Let f be 2*m - (-5)/(5/(-4)). Suppose 0 = -f*i + i - 84. Calculate the remainder when i is divided by 22.
18
Suppose 38*a + 480 = 22*a. What is the remainder when 67 is divided by 58/5 - (11 + 342/a)?
7
Let j = -7427 - -9594. Calculate the remainder when j is divided by 55.
22
Suppose -159*a + 1344 = -127*a. Calculate the remainder when 1/3 - (-1500)/9 is divided by a.
41
Let o = 3462 + -3435. What is the remainder when 1039 is divided by o?
13
Suppose 2*v - 6*t = 936, 0 - 7 = t. Calculate the remainder when v is divided by 60.
27
Suppose 446*f - 434*f = 1248. Calculate the remainder when 1235 is divided by f.
91
Let l(h) = 9*h**2 + 271*h - 113. Calculate the remainder when l(-33) is divided by 4.
1
Suppose 47*y = 42*y + 400. Let q = y + -64. Suppose 0 = -4*o + q + 244. What is the remainder when o is divided by 6?
5
Let u(z) = -z**3 - 18*z**2 - 2*z - 53. Calculate the remainder when u(-19) is divided by 84.
10
Let o(x) = -30*x - 611. Calculate the remainder when o(-31) is divided by 17.
13
Let i = 13054 - 11619. Calculate the remainder when i is divided by 43.
16
Let w be 20/270 + (-374)/(-54). Let a(g) = -2*g**2 + 10*g + 35. What is the remainder when 118 is divided by a(w)?
6
Suppose 4*w = -12, 0 = -3*m + 6*m - 5*w - 23679. Suppose -326 + m = 19*c. What is the remainder when c is divided by 57?
56
Let z = -23 - -44. Suppose -a = -15*a + 280. Suppose -v + a = -19. Calculate the remainder when v is divided by z.
18
Suppose -92*h - 19*h + 50797 - 12280 = 0. What is the remainder when h is divided by 176?
171
Let c(r) = -144*r + 1339. Calculate the remainder when 338 is divided by c(9).
37
Suppose -7*s + 3778 = -1199. Calculate the remainder when s is divided by 6.
3
Let y(l) = 2*l**2 - 61*l - 306. Calculate the remainder when y(43) is divided by 155.
149
Suppose -623*c + 621*c + 621 + 431 = 0. Calculate the remainder when 3690 is divided by c.
8
Suppose 0 = -43*c - 1261 + 4572. Calculate the remainder when 627 is divided by c.
11
Suppose -131*b = -4227 - 1232 - 960. Calculate the remainder when 200 is divided by b.
4
Let f(s) = -33*s + 237. Let k be f(6). Let i = k - 22. Calculate the remainder when 68 is divided by i.
0
Suppose 0 = -4*c - c. Let m be (10/12)/(26/156). Suppose 3*x = o - 170 + 558, c = m*o + 20. Calculate the remainder when x is divided by 33.
29
Let a(h) = 24*h + 634. What is the remainder when 2737 is divided by a(-26)?
7
Suppose 7*o = 10 + 95. Suppose -5*n = 6*g - 2*g - o, 3*g - 3 = -n. Calculate the remainder when 20 is divided by (-6)/n + 14 + -4.
4
Suppose -9 = 3*m, 2*y + 3*y = m - 362. Let g = 76 + y. What is the remainder when (69*g/(-12))/((-3)/12) is divided by 12?
9
Calculate the remainder when (((-16)/24)/((-10)/(-18)))/((-30)/113775) is divided by 46.
43
Suppose -3128 = -314*p + 5927 + 19519. Let w(n) = n**3 + n**2 - n + 24. Calculate the remainder when p is divided by w(0).
19
Let q(t) = 91*t - 2. Let p be q(-2). Let j = 219 + p. What is the remainder when j is divided by 12?
11
Suppose -7*y + 22 = -286. Suppose -14 + y = 3*j. Let g = j - -23. What is the remainder when 130 is divided by g?
31
Suppose 0*v = -5*v, 198 = 2*s - 3*v. Let p = -62 + s. What is the remainder when 104 is divided by p?
30
Let h(z) = 638*z**2 + 14*z - 14. What is the remainder when h(-2) is divided by 157?
155
Let v = 136 + -134. Let d(y) = 8*y**2 - 8*y + 4. Suppose 3*c + 148 = 4*x - 81, 0 = 5*x - 2*c - 288. Calculate the remainder when x is divided by d(v).
18
Suppose 2*r - 230 = 2*t + 144, -4*r + 727 = -t. Calculate the remainder when 4679 is divided by r.
179
Suppose 32*b + 7080 = 10984. Calculate the remainder when b is divided by 52.
18
Let y be 6 + (-3 - 0) - 314. Let m = -221 - y. Let s = m + -55. Calculate the remainder when 68 is divided by s.
33
Suppose -f = 2 - 14. Let h be (1 - -1) + 16/(-1 - -2). Let x(s) = s**3 - 20*s**2 + 37*s - 13. What is the remainder when f is divided by x(h)?
2
Let h be 7/56*8 - 3. Calculate the remainder when 238 is divided by -3 - (-2 + h + -11).
10
Let c = -11 - -12. Let r be -7*c/(-2) - (-2)/4. Calculate the remainder when 28 is divided by (20/4 - r)*16.
12
Suppose 12 - 2 = 2*p. Suppose 78 = -p*v + 403. Let x = v - 35. Calculate the remainder when x is divided by 16.
14
Let y be 1 - (-1755)/24 - 2/16. Let h = y - -90. What is the remainder when h is divided by 15?
14
Let l(i) = 110*i - 834. Calculate the remainder when l(10) is divided by 16.
10
Let y be ((-44)/10)/((14/(-5))/7). Suppose -y*q + 3*b = -10*q - 76, 202 = 3*q + 4*b. What is the remainder when 208 is divided by q?
68
Let j(q) = -47*q + 3484. What is the remainder when j(52) is divided by 208?
0
Suppose 3*y = -g + 198, 0 = -g + 3*g + 6. Suppose -2*k = -5*k + 3. Let m(j) = 19*j - 1. What is the remainder when y is divided by m(k)?
13
Suppose 0 = 26*n - 56*n. Suppose 0*s + v + 114 = 2*s, 4*s - 4*v - 232 = n. What is the remainder when 216 is divided by s?
48
Let f = -7 - -25. Suppose 5*t - 4*t - f = 0. Suppose -10*h + h + 189 = 0. What is the remainder when h is divided by t?
3
What is the remainder when 2839 is divided by (12/(-18) - (-11)/3)/(1/45)?
4
Let v = -38 + 41. Let g(s) = s + 33. What is the remainder when 211 is divided by g(v)?
31
Let x = 16 - 5. Let n = 5286 - 5257. What is the remainder when n is divided by x?
7
Let r(a) = a**3 - 25*a**2 - 33*a - 1420. Suppose -3*g - 24 = -7*g. What is the remainder when r(28) is divided by g?
2
Suppose 4*f = -5*t + 150 + 409, -t = 2*f - 281. Let m = 210 + -174. Calculate the remainder when f is divided by m.
33
Suppose -c + 4 = 3*m, 2*c - 17 = m - 2. Suppose -c*p + 21*p = 1876. Calculate the remainder when p is divided by 67.
0
Let x = -33 - -24. Let f be 3 + (-115)/x + 6/27. Suppose 0 = 2*v + f - 360. Calculate the remainder when v is divided by 35.
32
Calculate the remainder when 5567 is divided by (261261/(-130))/(-21) - 9/(-30).
95
Let w(o) = -o**3 - 15*o**2 + 16*o + 3. Let f be w(-16). Suppose f*y - 192 = -3*y. Calculate the remainder when y is divided by -6*3/(-1) - 0.
14
What is the remainder when 1919 is divided by (-90)/14*735/(-315)?
14
Let g(c) = 2*c + 11. Let j be (-63)/42*40/6. Let d be g(j). Calculate the remainder when (-182)/(-21)*d/(-2) is divided by 11.
6
Let w(u) = 17*u - 118. Let y(g) = 8*g - 58. Let f(b) = 6*w(b) - 13*y(b). What is the remainder when 403 is divided by f(-6)?
55
Let h(s) = 1485*s - 2679. What is the remainder when 1165 is divided by h(2)?
1
Let z(v) = -5*v + 18. Let b be z(0). Suppose 4*s - 18 - b = 0. Let l = s - -20. Calculate the remainder when 171 is divided by l.
26
Let l(j) = -3*j**2 - 13*j + 16. Suppose 2*h - 1 - 19 = 2*u, 0 = -3*u - h - 10. Calculate the remainder when 15 is divided by l(u).
3
Suppose -3*q + 4*y = 13, 2*q - y + 3 - 1 = 0. Let t be ((-3)/(-9)*(q - 1))/3. What is the remainder when t/3 + 1 + 18 is divided by 4?
3
Let q(s) = s**2 - 15*s + 101. Let b = -20 + 47. What is the remainder when q(9) is divided by b?
20
What is the remainder when -303*(-10 + 40/5) is divided by 333?
273
Suppose -21*i + 534 = 30. Suppose -s - 8 = -4*c, 9 = 3*c - 0. Suppose -4*k - 15 = -3*j, -5*k = -2*j + s - 1. What is the remainder when i is divided by j?
6
Let b be 1*221 - (-14 - -9 - -10). Suppose -t + 61 = 3*q, 0 = -t - 3*t - 5*q + b. What is the remainder when t is divided by 10?
9
Let t be 4941/54 + (-1)/2. Let m = -32 + t. Calculate the remainder when 171 is divided by m.
53
Let g = 4519 - 4516. Let r be (0 - 46/(-4))*2. Let f = r - g. What is the remainder when 32 is divided by f?
12
Suppose 4*t - 4322 = 2*b, -700 = -t + 4*b + 391. Calculate the remainder when t is divided by 289.
212
Let a be (10 + -2)/1*(0 + 4). Let d = -28 + a. What is the remainder when (39 + -1)*(-4)/(-8) is divided by d?
3
Let h = 11 + -7. Suppose -h*z - 5*x = -15, 4*z + 2*x = 37 - 7. Suppose -z*c + 12*c - 6 = 0. What is the remainder when 15 is divided by c?
0
Suppose 3*p = 92 - 47. Suppose -2*s = p - 55. Let r(k) = -73*k**3 - k**2 - k - 1. What is the remainder when r(-1) is divided by s?
12
Let h(x) = x**3 - 18*x**2 - 38*x - 36. Let c be h(20). Suppose -c*d + 164 - 29 = 5*y, 2*y - 54 = -d. Calculate the remainder when 77 is divided by y.
23
Let l(g) = -99 - 499*g + 84 + 481*g. Let j = 4 - 9.